{"id":4857,"date":"2021-01-04T11:48:44","date_gmt":"2021-01-04T14:48:44","guid":{"rendered":"https:\/\/datani.com.br\/suportewp\/?page_id=4857"},"modified":"2021-01-08T11:23:35","modified_gmt":"2021-01-08T14:23:35","slug":"como-importar-contas-a-pagar-e-receber-carrera-financas","status":"publish","type":"page","link":"https:\/\/datani.com.br\/suportewp\/como-importar-contas-a-pagar-e-receber-carrera-financas\/","title":{"rendered":"Como importar contas a Pagar e Receber (Carrera Finan\u00e7as)"},"content":{"rendered":"\t\t<div data-elementor-type=\"wp-page\" data-elementor-id=\"4857\" class=\"elementor elementor-4857\">\n\t\t\t\t\t\t<div class=\"elementor-inner\">\n\t\t\t\t<div class=\"elementor-section-wrap\">\n\t\t\t\t\t\t\t\t\t<section class=\"elementor-section elementor-top-section elementor-element elementor-element-136e5ea elementor-section-boxed elementor-section-height-default elementor-section-height-default\" data-id=\"136e5ea\" data-element_type=\"section\">\n\t\t\t\t\t\t<div class=\"elementor-container elementor-column-gap-default\">\n\t\t\t\t\t\t\t<div class=\"elementor-row\">\n\t\t\t\t\t<div class=\"elementor-column elementor-col-50 elementor-top-column elementor-element elementor-element-46c122c\" data-id=\"46c122c\" data-element_type=\"column\">\n\t\t\t<div class=\"elementor-column-wrap elementor-element-populated\">\n\t\t\t\t\t\t\t<div class=\"elementor-widget-wrap\">\n\t\t\t\t\t\t<div class=\"elementor-element elementor-element-9d7e199 elementor-widget elementor-widget-image\" data-id=\"9d7e199\" data-element_type=\"widget\" data-widget_type=\"image.default\">\n\t\t\t\t<div class=\"elementor-widget-container\">\n\t\t\t\t\t\t\t\t<div class=\"elementor-image\">\n\t\t\t\t\t\t\t\t\t\t\t\t\t<a href=\"https:\/\/datani.com.br\/suportewp\/carrera-financas\/\">\n\t\t\t\t\t\t\t<img width=\"128\" height=\"128\" src=\"https:\/\/datani.com.br\/suportewp\/wp-content\/uploads\/2020\/09\/Carrera-Fin-Icon-128.png\" class=\"attachment-large size-large\" alt=\"\" loading=\"lazy\" \/>\t\t\t\t\t\t\t\t<\/a>\n\t\t\t\t\t\t\t\t\t\t\t\t\t\t<\/div>\n\t\t\t\t\t\t<\/div>\n\t\t\t\t<\/div>\n\t\t\t\t\t\t<\/div>\n\t\t\t\t\t<\/div>\n\t\t<\/div>\n\t\t\t\t<div class=\"elementor-column elementor-col-50 elementor-top-column elementor-element elementor-element-bf69d8c\" data-id=\"bf69d8c\" data-element_type=\"column\">\n\t\t\t<div class=\"elementor-column-wrap elementor-element-populated\">\n\t\t\t\t\t\t\t<div class=\"elementor-widget-wrap\">\n\t\t\t\t\t\t<div class=\"elementor-element elementor-element-bb05b53 elementor-widget elementor-widget-text-editor\" data-id=\"bb05b53\" data-element_type=\"widget\" data-widget_type=\"text-editor.default\">\n\t\t\t\t<div class=\"elementor-widget-container\">\n\t\t\t\t\t\t\t\t<div class=\"elementor-text-editor elementor-clearfix\">\n\t\t\t\t<h1><a href=\"https:\/\/datani.com.br\/suportewp\/\">Suporte<\/a> | <a href=\"https:\/\/datani.com.br\/suportewp\/carrera-financas\/\">Carrera Finan\u00e7as<\/a><\/h1>\t\t\t\t\t<\/div>\n\t\t\t\t\t\t<\/div>\n\t\t\t\t<\/div>\n\t\t\t\t\t\t<\/div>\n\t\t\t\t\t<\/div>\n\t\t<\/div>\n\t\t\t\t\t\t\t\t<\/div>\n\t\t\t\t\t<\/div>\n\t\t<\/section>\n\t\t\t\t<section class=\"elementor-section elementor-top-section elementor-element elementor-element-83aac4c elementor-section-boxed elementor-section-height-default elementor-section-height-default\" data-id=\"83aac4c\" data-element_type=\"section\">\n\t\t\t\t\t\t<div class=\"elementor-container elementor-column-gap-default\">\n\t\t\t\t\t\t\t<div class=\"elementor-row\">\n\t\t\t\t\t<div class=\"elementor-column elementor-col-100 elementor-top-column elementor-element elementor-element-384063c\" data-id=\"384063c\" data-element_type=\"column\">\n\t\t\t<div class=\"elementor-column-wrap elementor-element-populated\">\n\t\t\t\t\t\t\t<div class=\"elementor-widget-wrap\">\n\t\t\t\t\t\t<div class=\"elementor-element elementor-element-0b4ec36 elementor-widget elementor-widget-heading\" data-id=\"0b4ec36\" data-element_type=\"widget\" data-widget_type=\"heading.default\">\n\t\t\t\t<div class=\"elementor-widget-container\">\n\t\t\t<h1 class=\"elementor-heading-title elementor-size-default\"><a href=\"https:\/\/datani.com.br\/suportewp\/agendamento-de-contas-carrera-financas\/\">Agendamento de Contas<\/a><\/h1>\t\t<\/div>\n\t\t\t\t<\/div>\n\t\t\t\t\t\t<\/div>\n\t\t\t\t\t<\/div>\n\t\t<\/div>\n\t\t\t\t\t\t\t\t<\/div>\n\t\t\t\t\t<\/div>\n\t\t<\/section>\n\t\t\t\t<section class=\"elementor-section elementor-top-section elementor-element elementor-element-685b18f elementor-section-boxed elementor-section-height-default elementor-section-height-default\" data-id=\"685b18f\" data-element_type=\"section\">\n\t\t\t\t\t\t<div class=\"elementor-container elementor-column-gap-default\">\n\t\t\t\t\t\t\t<div class=\"elementor-row\">\n\t\t\t\t\t<div class=\"elementor-column elementor-col-100 elementor-top-column elementor-element elementor-element-61e9f02\" data-id=\"61e9f02\" data-element_type=\"column\">\n\t\t\t<div class=\"elementor-column-wrap elementor-element-populated\">\n\t\t\t\t\t\t\t<div class=\"elementor-widget-wrap\">\n\t\t\t\t\t\t<div class=\"elementor-element elementor-element-e6e615d elementor-widget elementor-widget-text-editor\" data-id=\"e6e615d\" data-element_type=\"widget\" data-widget_type=\"text-editor.default\">\n\t\t\t\t<div class=\"elementor-widget-container\">\n\t\t\t\t\t\t\t\t<div class=\"elementor-text-editor elementor-clearfix\">\n\t\t\t\t<ul><li><h3>Como importar contas a Pagar e Receber<\/h3><\/li><\/ul>\t\t\t\t\t<\/div>\n\t\t\t\t\t\t<\/div>\n\t\t\t\t<\/div>\n\t\t\t\t\t\t<\/div>\n\t\t\t\t\t<\/div>\n\t\t<\/div>\n\t\t\t\t\t\t\t\t<\/div>\n\t\t\t\t\t<\/div>\n\t\t<\/section>\n\t\t\t\t<section class=\"elementor-section elementor-top-section elementor-element elementor-element-d25c97c elementor-section-boxed elementor-section-height-default elementor-section-height-default\" data-id=\"d25c97c\" data-element_type=\"section\">\n\t\t\t\t\t\t<div class=\"elementor-container elementor-column-gap-default\">\n\t\t\t\t\t\t\t<div class=\"elementor-row\">\n\t\t\t\t\t<div class=\"elementor-column elementor-col-100 elementor-top-column elementor-element elementor-element-b8ddb6f\" data-id=\"b8ddb6f\" data-element_type=\"column\">\n\t\t\t<div class=\"elementor-column-wrap elementor-element-populated\">\n\t\t\t\t\t\t\t<div class=\"elementor-widget-wrap\">\n\t\t\t\t\t\t<div class=\"elementor-element elementor-element-1ca956e elementor-widget elementor-widget-text-editor\" data-id=\"1ca956e\" data-element_type=\"widget\" data-widget_type=\"text-editor.default\">\n\t\t\t\t<div class=\"elementor-widget-container\">\n\t\t\t\t\t\t\t\t<div class=\"elementor-text-editor elementor-clearfix\">\n\t\t\t\t<p>Em Agendamentos de contas \u00e9 poss\u00edvel importar contas a pagar e receber, atrav\u00e9s de arquivos CSV.<\/p>\n<p>O arquivo deve seguir as seguintes especifica\u00e7\u00f5es:<\/p>\n<p style=\"padding-left: 40px;\">1a. linha &#8211; cabe\u00e7alho das colunas, identificar as colunas que est\u00e3o cento utilizadas, separadas por &#8220;;&#8221;.<\/p>\n<p style=\"padding-left: 40px;\">2a. linha em diante, cada linha corresponde a um registro de dados, com as colunas de acordo com a 1a. linha, separados por &#8220;;&#8221;. Os valores de vem estar entre aspas duplas.<\/p>\n<p>Descri\u00e7\u00e3o das colunas. Colunas em negrito s\u00e3o obrigat\u00f3rias:<\/p>\n<ul>\n<li><strong>TIPO, TP ou T<\/strong> : Identifica o Tipo do lan\u00e7amento. Valores: 0 para receita e 1 para despesa.<\/li>\n<li><strong>CONTA<\/strong>: Nome da conta, conforme registrado no Carrera Finan\u00e7as.<\/li>\n<li><strong>CLIENTE, FORNECEDOR ou FAVORECIDO<\/strong>: Nome do cliente ou fornecedor. Caso o mesmo n\u00e3o exista no Carrera Finan\u00e7as, ser\u00e1 registrado.<\/li>\n<li><b>DESCRICAO, HISTORICO ou DESC<\/b>: Descri\u00e7\u00e3o do agendamento.<\/li>\n<li><b>PLANCONTA, PCONTA, PLANODECONTAS ou CATEGORIA<\/b>: Nome do Plano de Contas. Caso n\u00e3o seja encontrado, um novo ser\u00e1 cadastrado.<\/li>\n<li><b>CCUSTO, CENTROCUSTOS ou CENTRODECUSTOS<\/b>: Nome do Centro de Custos. Caso n\u00e3o seja encontrado, um novo ser\u00e1 cadastrado.<\/li>\n<li><strong>VENCIMENTO, VENC ou DATA<\/strong>: Data do pr\u00f3ximo vencimento do agendamento.<\/li>\n<li><strong>VALOR ou TOTAL<\/strong>: Valor do agendamento.<\/li>\n<li><strong>REPETIR ou FREQUENCIA<\/strong>: Qual a frequ\u00eancia de repeti\u00e7\u00e3o do agendamento. Descri\u00e7\u00e3o conforme mostrado na lista de Repetir do Agendamento: exemplo: &nbsp;&#8220;Uma \u00fanica vez&#8221;, &#8220;Mensal&#8221;, &#8220;Semanal&#8221;, etc.<\/li>\n<li><strong>NUMERODOC ou NUMDOC<\/strong>: N\u00famero do Documento do Agendamento.<\/li>\n<\/ul>\n<p>Exemplo de conte\u00fado:<\/p>\n<pre style=\"padding-left: 40px;\">Tipo;Conta;Cliente;Descricao;PlanConta;CCusto;Vencimento;Valor;Repetir;<p><\/p>\n<p>\"0\";\"Ita\u00fa 123\";\"Empresa cliente\";\"Venda de produtos\";\"Receitas:Vendas\";\"Comercial\";\"07\/05\/2019\";\"1000,00\";\"Mensal\";<\/p>\n<p>\"0\";\"Itau 123\";\"JJ Acess\u00f3rios\";\"Servi\u00e7o de suporte\";\"Receitas:Honorarios\";\"Suporte\";\"05\/04\/2019\";\"1011,00\";\"Uma \u00fanica vez\";<\/p><\/pre>\t\t\t\t\t<\/div>\n\t\t\t\t\t\t<\/div>\n\t\t\t\t<\/div>\n\t\t\t\t\t\t<\/div>\n\t\t\t\t\t<\/div>\n\t\t<\/div>\n\t\t\t\t\t\t\t\t<\/div>\n\t\t\t\t\t<\/div>\n\t\t<\/section>\n\t\t\t\t<section class=\"elementor-section elementor-top-section elementor-element elementor-element-210b55d elementor-section-boxed elementor-section-height-default elementor-section-height-default\" data-id=\"210b55d\" data-element_type=\"section\">\n\t\t\t\t\t\t<div class=\"elementor-container elementor-column-gap-default\">\n\t\t\t\t\t\t\t<div class=\"elementor-row\">\n\t\t\t\t\t<div class=\"elementor-column elementor-col-100 elementor-top-column elementor-element elementor-element-cc36b31\" data-id=\"cc36b31\" data-element_type=\"column\">\n\t\t\t<div class=\"elementor-column-wrap elementor-element-populated\">\n\t\t\t\t\t\t\t<div class=\"elementor-widget-wrap\">\n\t\t\t\t\t\t<div class=\"elementor-element elementor-element-c0a3ea5 elementor-widget-divider--view-line elementor-widget elementor-widget-divider\" data-id=\"c0a3ea5\" data-element_type=\"widget\" data-widget_type=\"divider.default\">\n\t\t\t\t<div class=\"elementor-widget-container\">\n\t\t\t\t\t<div class=\"elementor-divider\">\n\t\t\t<span class=\"elementor-divider-separator\">\n\t\t\t\t\t\t<\/span>\n\t\t<\/div>\n\t\t\t\t<\/div>\n\t\t\t\t<\/div>\n\t\t\t\t\t\t<\/div>\n\t\t\t\t\t<\/div>\n\t\t<\/div>\n\t\t\t\t\t\t\t\t<\/div>\n\t\t\t\t\t<\/div>\n\t\t<\/section>\n\t\t\t\t<section class=\"elementor-section elementor-top-section elementor-element elementor-element-7062dd0 elementor-section-boxed elementor-section-height-default elementor-section-height-default\" data-id=\"7062dd0\" data-element_type=\"section\">\n\t\t\t\t\t\t<div class=\"elementor-container elementor-column-gap-default\">\n\t\t\t\t\t\t\t<div class=\"elementor-row\">\n\t\t\t\t\t<div class=\"elementor-column elementor-col-100 elementor-top-column elementor-element elementor-element-83dd24e\" data-id=\"83dd24e\" data-element_type=\"column\">\n\t\t\t<div class=\"elementor-column-wrap elementor-element-populated\">\n\t\t\t\t\t\t\t<div class=\"elementor-widget-wrap\">\n\t\t\t\t\t\t<div class=\"elementor-element elementor-element-a94a02b elementor-widget elementor-widget-text-editor\" data-id=\"a94a02b\" data-element_type=\"widget\" data-widget_type=\"text-editor.default\">\n\t\t\t\t<div class=\"elementor-widget-container\">\n\t\t\t\t\t\t\t\t<div class=\"elementor-text-editor elementor-clearfix\">\n\t\t\t\t<h4>Veja tamb\u00e9m:<\/h4>\t\t\t\t\t<\/div>\n\t\t\t\t\t\t<\/div>\n\t\t\t\t<\/div>\n\t\t\t\t<div class=\"elementor-element elementor-element-6784ae9 elementor-widget elementor-widget-text-editor\" data-id=\"6784ae9\" data-element_type=\"widget\" data-widget_type=\"text-editor.default\">\n\t\t\t\t<div class=\"elementor-widget-container\">\n\t\t\t\t\t\t\t\t<div class=\"elementor-text-editor elementor-clearfix\">\n\t\t\t\t<ul><li style=\"list-style-type: none;\"><ul><li><span style=\"color: #00ccff;\"><a style=\"color: #00ccff;\" href=\"https:\/\/datani.com.br\/suportewp\/como-importar-um-extrato-bancario-carrera-financas\/\">Como importar um extrato banc\u00e1rio<\/a><\/span><\/li><\/ul><\/li><\/ul>\t\t\t\t\t<\/div>\n\t\t\t\t\t\t<\/div>\n\t\t\t\t<\/div>\n\t\t\t\t\t\t<\/div>\n\t\t\t\t\t<\/div>\n\t\t<\/div>\n\t\t\t\t\t\t\t\t<\/div>\n\t\t\t\t\t<\/div>\n\t\t<\/section>\n\t\t\t\t<section class=\"elementor-section elementor-top-section elementor-element elementor-element-e6365f9 elementor-section-boxed elementor-section-height-default elementor-section-height-default\" data-id=\"e6365f9\" data-element_type=\"section\">\n\t\t\t\t\t\t<div class=\"elementor-container elementor-column-gap-default\">\n\t\t\t\t\t\t\t<div class=\"elementor-row\">\n\t\t\t\t\t<div class=\"elementor-column elementor-col-100 elementor-top-column elementor-element elementor-element-271d2c4\" data-id=\"271d2c4\" data-element_type=\"column\">\n\t\t\t<div class=\"elementor-column-wrap elementor-element-populated\">\n\t\t\t\t\t\t\t<div class=\"elementor-widget-wrap\">\n\t\t\t\t\t\t<div class=\"elementor-element elementor-element-14b5eba elementor-widget elementor-widget-spacer\" data-id=\"14b5eba\" data-element_type=\"widget\" data-widget_type=\"spacer.default\">\n\t\t\t\t<div class=\"elementor-widget-container\">\n\t\t\t\t\t<div class=\"elementor-spacer\">\n\t\t\t<div class=\"elementor-spacer-inner\"><\/div>\n\t\t<\/div>\n\t\t\t\t<\/div>\n\t\t\t\t<\/div>\n\t\t\t\t\t\t<\/div>\n\t\t\t\t\t<\/div>\n\t\t<\/div>\n\t\t\t\t\t\t\t\t<\/div>\n\t\t\t\t\t<\/div>\n\t\t<\/section>\n\t\t\t\t\t\t\t\t\t<\/div>\n\t\t\t<\/div>\n\t\t\t\t\t<\/div>\n\t\t","protected":false},"excerpt":{"rendered":"<p>Suporte | Carrera Finan\u00e7as Agendamento de Contas Como importar contas a Pagar e Receber Em Agendamentos de contas \u00e9 poss\u00edvel importar contas a pagar e receber, atrav\u00e9s de arquivos CSV. O arquivo deve seguir as seguintes especifica\u00e7\u00f5es: 1a. linha &#8211; cabe\u00e7alho das colunas, identificar as colunas que est\u00e3o cento utilizadas, separadas por &#8220;;&#8221;. 2a. linha&hellip;&nbsp;<a href=\"https:\/\/datani.com.br\/suportewp\/como-importar-contas-a-pagar-e-receber-carrera-financas\/\" class=\"\" rel=\"bookmark\">Continue a ler &raquo;<span class=\"screen-reader-text\">Como importar contas a Pagar e Receber (Carrera Finan\u00e7as)<\/span><\/a><\/p>\n","protected":false},"author":3,"featured_media":0,"parent":0,"menu_order":0,"comment_status":"closed","ping_status":"closed","template":"page-templates\/template-pagebuilder-full-width.php","meta":{"neve_meta_sidebar":"full-width","neve_meta_container":"","neve_meta_enable_content_width":"on","neve_meta_content_width":100,"neve_meta_title_alignment":"","neve_meta_author_avatar":"","neve_post_elements_order":"","neve_meta_disable_header":"","neve_meta_disable_footer":"","neve_meta_disable_title":""},"_links":{"self":[{"href":"https:\/\/datani.com.br\/suportewp\/wp-json\/wp\/v2\/pages\/4857"}],"collection":[{"href":"https:\/\/datani.com.br\/suportewp\/wp-json\/wp\/v2\/pages"}],"about":[{"href":"https:\/\/datani.com.br\/suportewp\/wp-json\/wp\/v2\/types\/page"}],"author":[{"embeddable":true,"href":"https:\/\/datani.com.br\/suportewp\/wp-json\/wp\/v2\/users\/3"}],"replies":[{"embeddable":true,"href":"https:\/\/datani.com.br\/suportewp\/wp-json\/wp\/v2\/comments?post=4857"}],"version-history":[{"count":6,"href":"https:\/\/datani.com.br\/suportewp\/wp-json\/wp\/v2\/pages\/4857\/revisions"}],"predecessor-version":[{"id":4967,"href":"https:\/\/datani.com.br\/suportewp\/wp-json\/wp\/v2\/pages\/4857\/revisions\/4967"}],"wp:attachment":[{"href":"https:\/\/datani.com.br\/suportewp\/wp-json\/wp\/v2\/media?parent=4857"}],"curies":[{"name":"wp","href":"https:\/\/api.w.org\/{rel}","templated":true}]}}