{"id":3403,"date":"2020-10-08T14:33:50","date_gmt":"2020-10-08T17:33:50","guid":{"rendered":"https:\/\/datani.com.br\/suportewp\/?page_id=3403"},"modified":"2020-10-16T17:48:01","modified_gmt":"2020-10-16T20:48:01","slug":"como-criar-uma-conta-para-emitir-boletos-carrera-financas","status":"publish","type":"page","link":"https:\/\/datani.com.br\/suportewp\/como-criar-uma-conta-para-emitir-boletos-carrera-financas\/","title":{"rendered":"Como criar uma conta para emitir boletos  (Carrera Finan\u00e7as)"},"content":{"rendered":"\t\t<div data-elementor-type=\"wp-page\" data-elementor-id=\"3403\" class=\"elementor elementor-3403\">\n\t\t\t\t\t\t<div class=\"elementor-inner\">\n\t\t\t\t<div class=\"elementor-section-wrap\">\n\t\t\t\t\t\t\t\t\t<section class=\"elementor-section elementor-top-section elementor-element elementor-element-5dcb779 elementor-section-boxed elementor-section-height-default elementor-section-height-default\" data-id=\"5dcb779\" data-element_type=\"section\">\n\t\t\t\t\t\t<div class=\"elementor-container elementor-column-gap-default\">\n\t\t\t\t\t\t\t<div class=\"elementor-row\">\n\t\t\t\t\t<div class=\"elementor-column elementor-col-50 elementor-top-column elementor-element elementor-element-ead9c01\" data-id=\"ead9c01\" data-element_type=\"column\">\n\t\t\t<div class=\"elementor-column-wrap elementor-element-populated\">\n\t\t\t\t\t\t\t<div class=\"elementor-widget-wrap\">\n\t\t\t\t\t\t<div class=\"elementor-element elementor-element-499263f elementor-widget elementor-widget-image\" data-id=\"499263f\" data-element_type=\"widget\" data-widget_type=\"image.default\">\n\t\t\t\t<div class=\"elementor-widget-container\">\n\t\t\t\t\t\t\t\t<div class=\"elementor-image\">\n\t\t\t\t\t\t\t\t\t\t\t\t\t<a href=\"https:\/\/datani.com.br\/suportewp\/carrera-financas\/\">\n\t\t\t\t\t\t\t<img width=\"128\" height=\"128\" src=\"https:\/\/datani.com.br\/suportewp\/wp-content\/uploads\/2020\/09\/Carrera-Fin-Icon-128.png\" class=\"attachment-large size-large\" alt=\"\" loading=\"lazy\" \/>\t\t\t\t\t\t\t\t<\/a>\n\t\t\t\t\t\t\t\t\t\t\t\t\t\t<\/div>\n\t\t\t\t\t\t<\/div>\n\t\t\t\t<\/div>\n\t\t\t\t\t\t<\/div>\n\t\t\t\t\t<\/div>\n\t\t<\/div>\n\t\t\t\t<div class=\"elementor-column elementor-col-50 elementor-top-column elementor-element elementor-element-4f796bd\" data-id=\"4f796bd\" data-element_type=\"column\">\n\t\t\t<div class=\"elementor-column-wrap elementor-element-populated\">\n\t\t\t\t\t\t\t<div class=\"elementor-widget-wrap\">\n\t\t\t\t\t\t<div class=\"elementor-element elementor-element-5e93e0b elementor-widget elementor-widget-text-editor\" data-id=\"5e93e0b\" data-element_type=\"widget\" data-widget_type=\"text-editor.default\">\n\t\t\t\t<div class=\"elementor-widget-container\">\n\t\t\t\t\t\t\t\t<div class=\"elementor-text-editor elementor-clearfix\">\n\t\t\t\t<h1><a href=\"https:\/\/datani.com.br\/suportewp\/\">Suporte<\/a> | <a href=\"https:\/\/datani.com.br\/suportewp\/carrera-financas\/\">Carrera Finan\u00e7as<\/a><\/h1>\t\t\t\t\t<\/div>\n\t\t\t\t\t\t<\/div>\n\t\t\t\t<\/div>\n\t\t\t\t\t\t<\/div>\n\t\t\t\t\t<\/div>\n\t\t<\/div>\n\t\t\t\t\t\t\t\t<\/div>\n\t\t\t\t\t<\/div>\n\t\t<\/section>\n\t\t\t\t<section class=\"elementor-section elementor-top-section elementor-element elementor-element-da52a45 elementor-section-boxed elementor-section-height-default elementor-section-height-default\" data-id=\"da52a45\" data-element_type=\"section\">\n\t\t\t\t\t\t<div class=\"elementor-container elementor-column-gap-default\">\n\t\t\t\t\t\t\t<div class=\"elementor-row\">\n\t\t\t\t\t<div class=\"elementor-column elementor-col-100 elementor-top-column elementor-element elementor-element-2f8992f\" data-id=\"2f8992f\" data-element_type=\"column\">\n\t\t\t<div class=\"elementor-column-wrap elementor-element-populated\">\n\t\t\t\t\t\t\t<div class=\"elementor-widget-wrap\">\n\t\t\t\t\t\t<div class=\"elementor-element elementor-element-0cf2a5f elementor-widget elementor-widget-heading\" data-id=\"0cf2a5f\" data-element_type=\"widget\" data-widget_type=\"heading.default\">\n\t\t\t\t<div class=\"elementor-widget-container\">\n\t\t\t<h1 class=\"elementor-heading-title elementor-size-default\"><a href=\"https:\/\/datani.com.br\/suportewp\/boletos-carrera-financas\/\">Boletos<\/a><\/h1>\t\t<\/div>\n\t\t\t\t<\/div>\n\t\t\t\t\t\t<\/div>\n\t\t\t\t\t<\/div>\n\t\t<\/div>\n\t\t\t\t\t\t\t\t<\/div>\n\t\t\t\t\t<\/div>\n\t\t<\/section>\n\t\t\t\t<section class=\"elementor-section elementor-top-section elementor-element elementor-element-61331b8 elementor-section-boxed elementor-section-height-default elementor-section-height-default\" data-id=\"61331b8\" data-element_type=\"section\">\n\t\t\t\t\t\t<div class=\"elementor-container elementor-column-gap-default\">\n\t\t\t\t\t\t\t<div class=\"elementor-row\">\n\t\t\t\t\t<div class=\"elementor-column elementor-col-100 elementor-top-column elementor-element elementor-element-6e5de21\" data-id=\"6e5de21\" data-element_type=\"column\">\n\t\t\t<div class=\"elementor-column-wrap elementor-element-populated\">\n\t\t\t\t\t\t\t<div class=\"elementor-widget-wrap\">\n\t\t\t\t\t\t<div class=\"elementor-element elementor-element-ec35bfc elementor-widget elementor-widget-text-editor\" data-id=\"ec35bfc\" data-element_type=\"widget\" data-widget_type=\"text-editor.default\">\n\t\t\t\t<div class=\"elementor-widget-container\">\n\t\t\t\t\t\t\t\t<div class=\"elementor-text-editor elementor-clearfix\">\n\t\t\t\t<ul><li><h3>Como criar uma conta para emitir boletos<\/h3><\/li><\/ul>\t\t\t\t\t<\/div>\n\t\t\t\t\t\t<\/div>\n\t\t\t\t<\/div>\n\t\t\t\t\t\t<\/div>\n\t\t\t\t\t<\/div>\n\t\t<\/div>\n\t\t\t\t\t\t\t\t<\/div>\n\t\t\t\t\t<\/div>\n\t\t<\/section>\n\t\t\t\t<section class=\"elementor-section elementor-top-section elementor-element elementor-element-26c0d5b elementor-section-boxed elementor-section-height-default elementor-section-height-default\" data-id=\"26c0d5b\" data-element_type=\"section\">\n\t\t\t\t\t\t<div class=\"elementor-container elementor-column-gap-default\">\n\t\t\t\t\t\t\t<div class=\"elementor-row\">\n\t\t\t\t\t<div class=\"elementor-column elementor-col-100 elementor-top-column elementor-element elementor-element-9ec8c29\" data-id=\"9ec8c29\" data-element_type=\"column\">\n\t\t\t<div class=\"elementor-column-wrap elementor-element-populated\">\n\t\t\t\t\t\t\t<div class=\"elementor-widget-wrap\">\n\t\t\t\t\t\t<div class=\"elementor-element elementor-element-ce7b60e elementor-widget elementor-widget-text-editor\" data-id=\"ce7b60e\" data-element_type=\"widget\" data-widget_type=\"text-editor.default\">\n\t\t\t\t<div class=\"elementor-widget-container\">\n\t\t\t\t\t\t\t\t<div class=\"elementor-text-editor elementor-clearfix\">\n\t\t\t\t<p>Na barra de ferramentas da lista de contas clique em Nova Conta. Ser\u00e1 exibida uma nova janela para informar os dados da conta e da cobran\u00e7a.<\/p>\t\t\t\t\t<\/div>\n\t\t\t\t\t\t<\/div>\n\t\t\t\t<\/div>\n\t\t\t\t<div class=\"elementor-element elementor-element-80b055a elementor-widget elementor-widget-image\" data-id=\"80b055a\" data-element_type=\"widget\" data-widget_type=\"image.default\">\n\t\t\t\t<div class=\"elementor-widget-container\">\n\t\t\t\t\t\t\t\t<div class=\"elementor-image\">\n\t\t\t\t\t\t\t\t\t\t\t\t<img width=\"1024\" height=\"747\" src=\"https:\/\/datani.com.br\/suportewp\/wp-content\/uploads\/2020\/10\/2020-10-08_115016-1024x747.png\" class=\"attachment-large size-large\" alt=\"\" loading=\"lazy\" srcset=\"https:\/\/datani.com.br\/suportewp\/wp-content\/uploads\/2020\/10\/2020-10-08_115016-1024x747.png 1024w, https:\/\/datani.com.br\/suportewp\/wp-content\/uploads\/2020\/10\/2020-10-08_115016-300x219.png 300w, https:\/\/datani.com.br\/suportewp\/wp-content\/uploads\/2020\/10\/2020-10-08_115016-768x560.png 768w, https:\/\/datani.com.br\/suportewp\/wp-content\/uploads\/2020\/10\/2020-10-08_115016.png 1126w\" sizes=\"(max-width: 1024px) 100vw, 1024px\" \/>\t\t\t\t\t\t\t\t\t\t\t\t\t\t<\/div>\n\t\t\t\t\t\t<\/div>\n\t\t\t\t<\/div>\n\t\t\t\t<div class=\"elementor-element elementor-element-11a86eb elementor-widget elementor-widget-text-editor\" data-id=\"11a86eb\" data-element_type=\"widget\" data-widget_type=\"text-editor.default\">\n\t\t\t\t<div class=\"elementor-widget-container\">\n\t\t\t\t\t\t\t\t<div class=\"elementor-text-editor elementor-clearfix\">\n\t\t\t\t<p><b>1 &#8211; Tipo:<\/b> para uma conta cadastrada no Carrera emitir boleto, o tipo precisa ser Conta Corrente.<\/p><p><b>2 &#8211; Cedente:<\/b> \u00e9 quem vai receber o dinheiro do boleto, caso o cadastro da empresa j\u00e1 esteja efetuado no Carrera os dados do cedente ser\u00e3o preenchidos com eles. (Para ver como cadastrar os dados da empresa consulte o item <a href=\"https:\/\/datani.com.br\/suportewp\/configuracoes-e-informacoes-da-empresa\/\">Configura\u00e7\u00f5es e informa\u00e7\u00f5es da empresa<\/a>).<\/p><p><b>3 &#8211; C\u00f3d. Cedente:<\/b> o campo C\u00f3d. Cedente pode variar dependendo do banco, cada banco utiliza de uma maneira.<\/p><p><strong>4 &#8211; Carteira:<\/strong> \u00e9 contratado junto ao seu banco, com ela ser\u00e1 poss\u00edvel receber seus pagamentos por meio de boleto banc\u00e1rio em sua conta.<\/p><p><strong>5 &#8211; Local de pagamento:<\/strong> campo impresso no boleto para informar ao sacado quais os locais de pagamento daquele boleto.<\/p><p><strong>6 \u2013 Esp\u00e9cie do Documento:<\/strong> tipo do documento que originou o boleto de pagamento.<\/p><p><strong>7 &#8211; Aceite:<\/strong> indica se o sacado reconheceu o t\u00edtulo ou n\u00e3o como sendo dele.<\/p><p><strong>8 &#8211; Cobrar Multa (%):<\/strong> valor cobrado em caso de atraso no pagamento do boleto.<\/p><p><strong>9 &#8211; Juros (%):<\/strong> juros de mora caso o pagamento do boleto seja feito ap\u00f3s o vencimento.<\/p><p><strong>10 &#8211; Mensagem para Caixa:<\/strong> texto que ser\u00e1 impresso com informa\u00e7\u00f5es para o caixa recebedor.<\/p><p><strong>11 &#8211; Instru\u00e7\u00e3o 1\/ Instru\u00e7\u00e3o 2:<\/strong> instru\u00e7\u00f5es impressas com informa\u00e7\u00f5es para o caixa recebedor e enviadas ao banco quando enviado o arquivo de remessa.<\/p><p><strong>12 &#8211; Layout Impress\u00e3o:<\/strong> no Carrera \u00e9 poss\u00edvel configurar 4 tipos de impress\u00e3o para o boleto, sendo elas, Padr\u00e3o, Fatura, Carn\u00ea e Padr\u00e3o Entrega.<\/p><p><strong>13 &#8211; Pr\u00f3ximo Nosso N\u00famero:<\/strong> n\u00famero sequencial que ser\u00e1 utilizado ao criar um novo boleto. (Caso j\u00e1 tenha emitido boletos preencher com o pr\u00f3ximo n\u00famero a ser gerado).<\/p><p><strong>14 &#8211; Dias para Desconto:<\/strong> quantidade de dias para conceder o desconto. A informa\u00e7\u00e3o ser\u00e1 impressa no boleto, caso seja informado a quantidade de dias. Ser\u00e1 calculado at\u00e9 que dia o desconto ser\u00e1 concedido e impresso a data.<\/p><p><strong>15 &#8211; Layout do arquivo de remessa:<\/strong> existem dois tipos de layout CNAB 240 e CNAB 400, o Carrera Finan\u00e7as gera os dois layouts. (Verifique com o gerente de sua conta ao contratar o servi\u00e7o de cobran\u00e7a bancaria qual layout voc\u00ea deve utilizar)<\/p><p><strong>16 &#8211; Pr\u00f3ximo n\u00famero de arquivo:<\/strong> n\u00famero sequencial utilizado na gera\u00e7\u00e3o do arquivo de remessa, caso n\u00e3o tenha gerado nenhum arquivo de remessa deixe como 1.<\/p><p><strong>17 &#8211; Localiza\u00e7\u00e3o padr\u00e3o do arquivo:<\/strong> pasta onde os arquivos de remessa ser\u00e3o salvos ap\u00f3s serem gerados. Ao criar ou habilitar uma conta para emitir boletos o Carrera sugere uma pasta padr\u00e3o.<\/p>\t\t\t\t\t<\/div>\n\t\t\t\t\t\t<\/div>\n\t\t\t\t<\/div>\n\t\t\t\t\t\t<\/div>\n\t\t\t\t\t<\/div>\n\t\t<\/div>\n\t\t\t\t\t\t\t\t<\/div>\n\t\t\t\t\t<\/div>\n\t\t<\/section>\n\t\t\t\t<section class=\"elementor-section elementor-top-section elementor-element elementor-element-f43640e elementor-section-boxed elementor-section-height-default elementor-section-height-default\" data-id=\"f43640e\" data-element_type=\"section\">\n\t\t\t\t\t\t<div class=\"elementor-container elementor-column-gap-default\">\n\t\t\t\t\t\t\t<div class=\"elementor-row\">\n\t\t\t\t\t<div class=\"elementor-column elementor-col-100 elementor-top-column elementor-element elementor-element-a63c237\" data-id=\"a63c237\" data-element_type=\"column\">\n\t\t\t<div class=\"elementor-column-wrap elementor-element-populated\">\n\t\t\t\t\t\t\t<div class=\"elementor-widget-wrap\">\n\t\t\t\t\t\t<div class=\"elementor-element elementor-element-98e62d9 elementor-widget elementor-widget-spacer\" data-id=\"98e62d9\" data-element_type=\"widget\" data-widget_type=\"spacer.default\">\n\t\t\t\t<div class=\"elementor-widget-container\">\n\t\t\t\t\t<div class=\"elementor-spacer\">\n\t\t\t<div class=\"elementor-spacer-inner\"><\/div>\n\t\t<\/div>\n\t\t\t\t<\/div>\n\t\t\t\t<\/div>\n\t\t\t\t\t\t<\/div>\n\t\t\t\t\t<\/div>\n\t\t<\/div>\n\t\t\t\t\t\t\t\t<\/div>\n\t\t\t\t\t<\/div>\n\t\t<\/section>\n\t\t\t\t\t\t\t\t\t<\/div>\n\t\t\t<\/div>\n\t\t\t\t\t<\/div>\n\t\t","protected":false},"excerpt":{"rendered":"<p>Suporte | Carrera Finan\u00e7as Boletos Como criar uma conta para emitir boletos Na barra de ferramentas da lista de contas clique em Nova Conta. Ser\u00e1 exibida uma nova janela para informar os dados da conta e da cobran\u00e7a. 1 &#8211; Tipo: para uma conta cadastrada no Carrera emitir boleto, o tipo precisa ser Conta Corrente.&hellip;&nbsp;<a href=\"https:\/\/datani.com.br\/suportewp\/como-criar-uma-conta-para-emitir-boletos-carrera-financas\/\" class=\"\" rel=\"bookmark\">Continue a ler &raquo;<span class=\"screen-reader-text\">Como criar uma conta para emitir boletos  (Carrera Finan\u00e7as)<\/span><\/a><\/p>\n","protected":false},"author":3,"featured_media":0,"parent":0,"menu_order":0,"comment_status":"closed","ping_status":"closed","template":"page-templates\/template-pagebuilder-full-width.php","meta":{"neve_meta_sidebar":"full-width","neve_meta_container":"","neve_meta_enable_content_width":"on","neve_meta_content_width":100,"neve_meta_title_alignment":"","neve_meta_author_avatar":"","neve_post_elements_order":"","neve_meta_disable_header":"","neve_meta_disable_footer":"","neve_meta_disable_title":""},"_links":{"self":[{"href":"https:\/\/datani.com.br\/suportewp\/wp-json\/wp\/v2\/pages\/3403"}],"collection":[{"href":"https:\/\/datani.com.br\/suportewp\/wp-json\/wp\/v2\/pages"}],"about":[{"href":"https:\/\/datani.com.br\/suportewp\/wp-json\/wp\/v2\/types\/page"}],"author":[{"embeddable":true,"href":"https:\/\/datani.com.br\/suportewp\/wp-json\/wp\/v2\/users\/3"}],"replies":[{"embeddable":true,"href":"https:\/\/datani.com.br\/suportewp\/wp-json\/wp\/v2\/comments?post=3403"}],"version-history":[{"count":7,"href":"https:\/\/datani.com.br\/suportewp\/wp-json\/wp\/v2\/pages\/3403\/revisions"}],"predecessor-version":[{"id":4022,"href":"https:\/\/datani.com.br\/suportewp\/wp-json\/wp\/v2\/pages\/3403\/revisions\/4022"}],"wp:attachment":[{"href":"https:\/\/datani.com.br\/suportewp\/wp-json\/wp\/v2\/media?parent=3403"}],"curies":[{"name":"wp","href":"https:\/\/api.w.org\/{rel}","templated":true}]}}